tor of 3744?
True
Does 18 divide 19774?
False
Does 21 divide 62244?
True
Is 7 a factor of 6885?
False
Does 12 divide 12907?
False
Is 53085 a multiple of 15?
True
Does 61 divide 7302?
False
Is 22080 a multiple of 20?
True
Is 23858 a multiple of 11?
False
Is 18 a factor of 1116?
True
Does 12 divide 1172?
False
Is 14 a factor of 12702?
False
Is 292 a factor of 85848?
True
Does 55 divide 140690?
True
Is 35 a factor of 3605?
True
Is 2244 a multiple of 82?
False
Is 43413 a multiple of 19?
False
Does 73 divide 23632?
False
Is 7 a factor of 5708?
False
Is 16 a factor of 5968?
True
Is 116 a factor of 10440?
True
Is 372 a multiple of 4?
True
Is 57 a multiple of 13?
False
Is 38822 a multiple of 14?
True
Is 510 a multiple of 34?
True
Is 30 a factor of 2606?
False
Does 47 divide 5841?
False
Is 1914 a multiple of 53?
False
Does 54 divide 122?
False
Is 11 a factor of 1666?
False
Is 42 a factor of 3192?
True
Does 12 divide 7240?
False
Is 14 a factor of 17594?
False
Does 44 divide 814?
False
Does 5 divide 4750?
True
Does 40 divide 12640?
True
Is 7326 a multiple of 78?
False
Is 29 a factor of 2378?
True
Does 85 divide 23545?
True
Does 31 divide 9424?
True
Is 12 a factor of 173?
False
Is 18 a factor of 3744?
True
Is 131 a factor of 2475?
False
Is 20 a factor of 358?
False
Is 32 a factor of 9600?
True
Is 866 a multiple of 77?
False
Is 17 a factor of 1275?
True
Does 20 divide 1047?
False
Is 1598 a multiple of 52?
False
Is 2 a factor of 244?
True
Is 32 a factor of 7232?
True
Is 1806 a multiple of 21?
True
Is 121 a multiple of 35?
False
Is 21 a factor of 252?
True
Does 23 divide 1348?
False
Is 53 a factor of 1238?
False
Is 38475 a multiple of 75?
True
Does 32 divide 448?
True
Is 404 a multiple of 4?
True
Does 3 divide 28?
False
Is 110 a factor of 38378?
False
Is 455 a multiple of 22?
False
Is 373 a multiple of 6?
False
Is 14 a factor of 336?
True
Does 41 divide 1109?
False
Does 30 divide 1380?
True
Is 60 a factor of 1200?
True
Does 33 divide 297?
True
Does 38 divide 9120?
True
Is 432 a multiple of 24?
True
Is 86 a multiple of 19?
False
Is 1218 a multiple of 87?
True
Is 3237 a multiple of 14?
False
Is 20344 a multiple of 12?
False
Is 47754 a multiple of 7?
True
Does 73 divide 15208?
False
Does 61 divide 867?
False
Is 514 a multiple of 19?
False
Is 253 a multiple of 52?
False
Is 39117 a multiple of 221?
True
Is 253 a factor of 506?
True
Does 95 divide 3990?
True
Is 76 a factor of 760?
True
Does 106 divide 10388?
True
Is 22 a factor of 1762?
False
Does 3 divide 396?
True
Is 1393 a multiple of 5?
False
Is 7480 a multiple of 14?
False
Is 67892 a multiple of 82?
False
Is 360 a multiple of 18?
True
Is 75 a multiple of 15?
True
Is 17 a factor of 1241?
True
Is 2 a factor of 15957?
False
Is 2589 a multiple of 3?
True
Is 8 a factor of 600?
True
Is 8496 a multiple of 48?
True
Is 7 a factor of 466?
False
Is 1043 a multiple of 29?
False
Is 26 a factor of 3005?
False
Does 28 divide 1484?
True
Is 6 a factor of 17910?
True
Is 38 a multiple of 32?
False
Is 25181 a multiple of 21?
False
Is 138 a factor of 3726?
True
Is 1656 a multiple of 18?
True
Is 15672 a multiple of 78?
False
Is 23 a factor of 39764?
False
Is 21660 a multiple of 76?
True
Does 145 divide 1160?
True
Is 4120 a multiple of 10?
True
Is 1702 a multiple of 37?
True
Is 19136 a multiple of 13?
True
Is 3055 a multiple of 13?
True
Is 127 a factor of 66675?
True
Is 3969 a multiple of 75?
False
Does 16 divide 576?
True
Does 124 divide 2604?
True
Is 9 a factor of 3447?
True
Does 3 divide 643?
False
Is 2419 a multiple of 23?
False
Is 10 a factor of 1859?
False
Does 4 divide 5090?
False
Is 66 a multiple of 33?
True
Is 60 a factor of 14820?
True
Is 24573 a multiple of 54?
False
Does 74 divide 10508?
True
Is 196 a factor of 23648?
False
Is 27 a factor of 1161?
True
Is 158 a multiple of 44?
False
Is 5 a factor of 578?
False
Is 14 a factor of 1150?
False
Does 7 divide 1981?
True
Is 11304 a multiple of 72?
True
Does 4 divide 2757?
False
Does 35 divide 3850?
True
Does 3 divide 2881?
False
Is 17 a factor of 4263?
False
Does 4 divide 2680?
True
Is 5 a factor of 410?
True
Is 95 even?
False
Is 10106 a multiple of 31?
True
Is 6612 a multiple of 12?
True
Is 12 a factor of 80868?
True
Is 17 a factor of 29665?
True
Does 23 divide 114?
False
Is 11 a factor of 2607?
True
Is 2 a factor of 338?
True
Is 57824 a multiple of 104?
True
Is 30 a factor of 3790?
False
Does 50 divide 3187?
False
Does 10 divide 342?
False
Is 544 a multiple of 17?
True
Is 64 a multiple of 16?
True
Is 18375 a multiple of 175?
True
Is 7 a factor of 2384?
False
Is 14 a factor of 22867?
False
Does 66 divide 764?
False
Is 3733 a multiple of 155?
False
Is 700 a multiple of 10?
True
Does 7 divide 659?
False
Does 3 divide 82?
False
Is 148 a factor of 109816?
True
Is 19 a factor of 2538?
False
Is 49 a factor of 294?
True
Does 10 divide 1021?
False
Is 253 a multiple of 11?
True
Does 3 divide 487?
False
Does 12 divide 4661?
False
Is 828 a multiple of 18?
True
Is 55 a multiple of 5?
True
Does 154 divide 5698?
True
Is 25 a factor of 115?
False
Is 4576 a multiple of 13?
True
Is 5080 a multiple of 20?
True
Is 5 a factor of 2100?
True
Does 13 divide 650?
True
Does 75 divide 18854?
False
Does 8 divide 40920?
True
Does 45 divide 945?
True
Is 26 a factor of 5434?
True
Is 12 a factor of 22?
False
Is 1476 a multiple of 36?
True
Is 3200 a multiple of 32?
True
Does 25 divide 2726?
False
Is 47880 a multiple of 14?
True
Does 12 divide 12108?
True
Is 51 a factor of 32672?
False
Is 29 a factor of 1427?
False
Is 82 a multiple of 11?
False
Is 28 a factor of 25256?
True
Is 255 a factor of 48960?
True
Is 88 a factor of 2376?
True
Is 9 a factor of 3555?
True
Is 1564 a multiple of 30?
False
Is 131 a factor of 2667?
False
Does 58 divide 1218?
True
Is 17 a factor of 374?
True
Is 4 a factor of 496?
True
Does 11 divide 23848?
True
Does 3 divide 308?
False
Is 1173 a multiple of 83?
False
Is 525 a multiple of 64?
False
Does 27 divide 864?
True
Is 11554 a multiple of 53?
True
Does 122 divide 21716?
True
Does 7 divide 1337?
True
Is 555 a multiple of 8?
False
Does 2 divide 602?
True
Is 11 a factor of 408?
False
Is 64184 a multiple of 142?
True
Is 30 a factor of 91582?
False
Is 3645 a multiple of 81?
True
Is 56 a factor of 2579?
False
Does 39 divide 6357?
True
Is 14239 a multiple of 5?
False
Is 556 a multiple of 40?
False
Is 58016 a multiple of 8?
True
Is 29 a factor of 2636?
False
Does 42 divide 11734?
False
Does 11 divide 9166?
False
Is 801 a multiple of 22?
False
Is 9 a factor of 1366?
False
Is 5 a factor of 2155?
True
Is 41 a factor of 246?
True
Is 13452 even?
True
Does 12 divide 252?
True
Is 9 a factor of 7746?
False
Does 16 divide 9746?
False
Does 34 divide 53476?
False
Is 299 a multiple of 6?
False
Does 14 divide 789?
False
Is 56 a multiple of 18?
False
Does 12 divide 88356?
True
Is 22 a factor of 2398?
True
Does 19 divide 667?
False
Does 6 divide 2592?
True
Is 1742 a multiple of 10?
False
Is 6890 a multiple of 65?
True
Is 7005 a multiple of 2?
False
Is 2860 a multiple of 65?
True
Is 46 a factor of 6440?
True
Does 97 divide 384?
False
Is 7 a factor of 763?
True
Is 13000 a multiple of 52?
True
Is 31 a factor of 457?
False
Does 15 divide 23?
False
Is 13 a factor of 1924?
True
Is 11107 a multiple of 20?
False
Does 166 divide 5236?
False
Is 34 a factor of 5542?
True
Is 265 a multiple of 3?
False
Is 259 a multiple of 37?
True
Is 304 a multiple of 19?
True
Does 41 divide 2373?
False
Is 630 a multiple of 9?
True
Is 36104 a multiple of 70?
False
Does 11 divide 1364?
True
Is 42 a factor of 5922?
True
Is 43 a factor of 20210?
True
Is 13230 a multiple of 35?
True
Is 60 a factor of 60?
True
Does 54 divide 4514?
False
Is 15522 a multiple of 47?
False
Does 73 divide 530?
False
Is 12198 a multiple of 107?
True
Does 6 divide 358?
False
Is 6 a factor of 18043?
False
Does 12 divide 864?
True
Is 2 a factor of 9?
False
Is 3 a factor of 393?
True
Does 69 divide 29394?
True
Does 126 divide 18018?
True
Is 1361 a multiple of 21?
False
Is 28279 a multiple of 24?
False
Is 323 a multiple of 16?
False
Is 25 a factor of 275?
True
Is 18 a multiple of 9?
True
Is 5646 even?
True
Does 105 divide 3150?
True
Does 143 divide 1144?
True
Is 9926 a multiple of 13?
False
Does 128 divide 30242?
False
Is 21470 a multiple of 38?
True
Does 282 divi